e m(168).
-1054
Let i(x) = -x**3 - 118*x**2 - 327*x + 1936. Determine i(-115).
-134
Let p(j) = 5013*j + 95269. Calculate p(-19).
22
Let o(c) = -c**3 + 3*c**2 - 1282*c + 3843. What is o(3)?
-3
Let a(z) = -32437*z - 227056. Calculate a(-7).
3
Let b(k) = -k**3 + 8890*k**2 - 17774*k - 8. Give b(2).
-4
Let p(a) = -3*a**3 + 539*a**2 + 23312*a + 728. Give p(-36).
8
Let x(w) = -70*w - 7126. What is x(-91)?
-756
Let n(r) = 81*r**2 + 85*r + 5. Give n(-2).
159
Let r(g) = -5808*g + 528535. Determine r(91).
7
Let q(g) = 793*g - 7150. What is q(9)?
-13
Let o(a) = -143512*a + 2439706. Calculate o(17).
2
Let n(j) = 807*j - 4081. What is n(5)?
-46
Let z(o) = o**2 - 5048*o - 60735. What is z(-12)?
-15
Let u(r) = r**3 + 40*r**2 - 261*r - 3769. Determine u(-44).
-29
Let l(p) = -1202*p - 31450. Give l(-29).
3408
Let x(j) = 62*j**2 + 7098*j + 3416. Determine x(-114).
-4
Let c(q) = -q**3 + 162*q**2 + 617*q - 173998. What is c(159)?
-52
Let l(d) = -67*d - 3326. Give l(-54).
292
Let k(a) = -2*a**2 - 245*a + 768. Calculate k(-126).
-114
Let s(k) = 106*k**2 - 2476*k + 25. Calculate s(23).
-849
Let t(p) = 5468*p - 96698. Calculate t(18).
1726
Let m(u) = -3047*u + 801267. Give m(263).
-94
Let u(b) = -10*b**2 - 546*b + 6413. What is u(12)?
-1579
Let c(k) = -k**3 + 77*k**2 + 113*k + 3733. Give c(79).
178
Let r(v) = -2993*v - 299324. What is r(-100)?
-24
Let c(i) = -12*i**3 + 1830*i**2 + 912*i + 956. Determine c(153).
38
Let q(w) = 17*w**2 + 643*w + 472. Determine q(-37).
-46
Let d(j) = 23*j**2 - 1687*j + 587. Calculate d(73).
3
Let w(p) = p**3 - 61*p**2 - 376*p + 15756. Give w(63).
6
Let u(x) = x**3 + 223*x**2 + 410*x - 6336. Determine u(-221).
736
Let l(v) = v**2 + 2634*v + 47172. Calculate l(-18).
84
Let z(x) = -x**3 + 17*x**2 + 630*x - 10309. What is z(16)?
27
Let t(j) = -587*j - 41945. Give t(-69).
-1442
Let f(b) = -2911*b - 8927. What is f(-3)?
-194
Let u(l) = 10*l**2 + 2431*l + 58354. Determine u(-27).
7
Let z(p) = -57912*p - 2606031. Give z(-45).
9
Let p(a) = -6*a**2 - 1625*a + 50546. What is p(-299)?
15
Let s(w) = 17076*w - 72106. Give s(4).
-3802
Let a(y) = -3741*y - 116000. What is a(-31)?
-29
Let y(j) = -j**3 - 97*j**2 + 570*j - 4887. What is y(-103)?
57
Let j(v) = v**3 - 306*v**2 - 5987*v - 2781. Determine j(-18).
9
Let f(t) = -t**3 + 22*t**2 + 15*t - 138. Determine f(22).
192
Let n(v) = 542*v + 12167. Determine n(-22).
243
Let a(d) = 11*d**3 + 5654*d**2 - 166937*d - 541. Give a(-542).
1
Let p(l) = 72*l**2 - 13098*l + 391. What is p(182)?
1483
Let b(x) = 14*x**2 + 615*x - 1319. Calculate b(-46).
15
Let o(y) = -4787*y - 110103. Give o(-23).
-2
Let j(u) = -5649*u + 13092. Calculate j(3).
-3855
Let y(c) = 1480*c + 760. Give y(-2).
-2200
Let k(d) = 2*d**2 + 285*d - 194. Give k(-136).
-1962
Let f(k) = k**3 + 62*k**2 - 31*k - 235. What is f(-63)?
-2251
Let h(t) = -1549*t + 46929. What is h(30)?
459
Let k(n) = 500*n**2 - 46501*n + 71. Give k(93).
-22
Let n(c) = 5*c**2 + 1512*c + 18114. Determine n(-290).
134
Let o(y) = -65*y - 2118. Give o(-25).
-493
Let o(v) = 281*v - 513. Calculate o(8).
1735
Let q(x) = -2*x**3 - 669*x**2 + 6539*x + 972. Determine q(-344).
-60
Let w(p) = 12258*p + 73661. Calculate w(-6).
113
Let y(a) = 18*a**3 + 1573*a**2 + 593*a - 190. Calculate y(-87).
1202
Let z(h) = 69*h**2 + 6697*h + 424. Determine z(-97).
36
Let h(y) = -1268*y**3 - 244*y**2 - 250*y - 8. Give h(-1).
1266
Let y(a) = -881*a - 26438. Calculate y(-30).
-8
Let c(f) = -77*f + 13244. Determine c(170).
154
Let l(g) = -3*g**2 - 1386*g + 66267. Determine l(44).
-525
Let b(f) = -f**3 + 10*f**2 + 420*f - 37. Calculate b(-19).
2452
Let i(n) = 4*n**2 + 165*n - 95. What is i(-42)?
31
Let k(j) = -4078*j + 6649. Calculate k(2).
-1507
Let l(z) = -96*z**3 - 2474*z**2 + 578*z + 149. Give l(-26).
-7
Let m(a) = -11*a**3 - 628*a**2 - 124*a - 3807. Determine m(-57).
12
Let i(o) = o**2 + 11814*o - 557449. Calculate i(47).
18
Let i(h) = h**3 - 48*h**2 + 403*h + 1049. Give i(36).
5
Let r(j) = 3242*j + 1577. Determine r(0).
1577
Let m(b) = 6*b**2 + 745*b - 96010. What is m(-203)?
9
Let b(l) = 1529*l**2 + 21387*l - 288. Determine b(-14).
-22
Let x(o) = 3*o**2 - 2577*o + 362136. Determine x(682).
-6
Let s(j) = 1059*j**2 + 78368*j - 163. What is s(-74)?
-311
Let t(x) = 260*x + 16740. Determine t(-64).
100
Let u(k) = 100*k + 3036. Determine u(-31).
-64
Let w(f) = 177*f - 28187. What is w(161)?
310
Let i(x) = 171295*x - 1199068. What is i(7)?
-3
Let l(t) = -24*t**2 + 1611*t - 73. Determine l(67).
128
Let i(u) = -u**3 - 29*u**2 - 293*u - 1028. Calculate i(-10).
2
Let s(t) = -4947*t + 91158. Give s(19).
-2835
Let o(v) = -5*v**3 + 240*v**2 - 1174*v + 234. What is o(5)?
-261
Let n(t) = -72*t - 513. Determine n(-12).
351
Let y(t) = 14*t**2 + 4*t - 8164. Calculate y(24).
-4
Let m(o) = 185*o**2 - 6289*o - 13375. Give m(36).
-19
Let w(a) = -1088*a**2 - 47878*a - 182. Give w(-44).
82
Let c(u) = 4*u**3 - 370*u**2 + 615*u - 39653. Give c(92).
-1
Let y(q) = -161*q**2 + 8403*q - 90495. Give y(37).
7
Let q(p) = -10*p**2 - 513*p - 207. Calculate q(-49).
920
Let t(p) = p**3 - 23*p**2 + 83*p - 26. Give t(18).
-152
Let w(o) = 3065*o + 15074. What is w(-5)?
-251
Let r(a) = -5*a**2 + 1226*a - 8341. Determine r(7).
-4
Let k(o) = 201*o - 7236. Determine k(30).
-1206
Let v(q) = 29*q**2 + 1199*q + 385. Give v(-41).
-25
Let a(n) = -2*n**3 - 147*n**2 + 72*n + 94. What is a(-74)?
242
Let v(f) = -2*f**3 + 6*f**2 + 3*f + 10. What is v(6)?
-188
Let c(u) = -681*u**2 - 26560*u - 120. Determine c(-39).
-81
Let q(y) = -4*y**2 + 501*y - 14935. Give q(49).
10
Let w(h) = -2*h**2 - 430*h + 1742. Determine w(-219).
-10
Let u(b) = -384*b + 2991. Calculate u(10).
-849
Let v(o) = 14*o**3 - 196*o**2 + 17*o - 226. Calculate v(14).
12
Let v(c) = -c**3 + 58*c**2 - 108*c - 138. What is v(56)?
86
Let j(b) = 653*b - 77653. Give j(109).
-6476
Let z(d) = -d**3 - 68*d**2 - 976*d - 709. What is z(-48)?
59
Let h(i) = -30*i**2 + 1362*i + 904. Give h(46).
76
Let w(a) = 56*a**2 + 305*a - 35. Give w(-6).
151
Let z(x) = -3*x**3 + 2201*x**2 - 8039*x + 6492. Give z(730).
-78
Let s(n) = -128*n**3 + 2174*n**2 + 102*n - 1164. What is s(17)?
-8
Let d(z) = -z**3 + 40*z**2 + 48*z - 52. Calculate d(41).
235
Let u(p) = -616*p - 62674. Determine u(-102).
158
Let n(h) = -h**2 + 22967*h + 3281493. Calculate n(-142).
15
Let a(d) = -d**2 + 1012*d + 7282. What is a(-7)?
149
Let i(f) = 2*f**2 + 34193*f + 307578. Determine i(-9).
3
Let y(c) = -2506*c + 1268004. Determine y(506).
-32
Let j(m) = 7*m**3 - 1696*m**2 + 409*m + 18137. Give j(242).
-13
Let d(v) = -v**2 - 3617108*v - 39788061. What is d(-11)?
6
Let w(x) = x**2 - 1328*x - 45697. Determine w(-33).
-784
Let q(h) = -27734*h - 13229119. Give q(-477).
-1
Let n(y) = 530188*y + 4. What is n(0)?
4
Let y(b) = 4*b**2 - 631*b + 1044. Determine y(156).
-48
Let f(h) = 692851*h + 87992069. Calculate f(-127).
-8
Let k(p) = 28*p**2 - 116*p - 26. Calculate k(4).
-42
Let m(h) = 3592*h + 18057. What is m(-5)?
97
Let v(q) = q**2 + 11097*q + 55477. Calculate v(-5).
17
Let k(j) = -16*j**2 + 4678*j + 7649. Calculate k(294).
5
Let k(z) = -33*z**2 + 2145*z - 29689. What is k(20)?
11
Let b(f) = f**2 + 67417*f + 404473. Give b(-6).
7
Let q(k) = -4130*k + 99216. Calculate q(24).
96
Let b(c) = 3950*c + 1070670. Determine b(-271).
220
Let a(t) = -180*t + 9725. Give a(57).
-535
Let f(d) = -131189*d + 16792175. What is f(128)?
-17
Let u(p) = -7*p**2 - 995*p - 23551. Give u(-30).
-1
Let y(k) = 7*k**3 + 50*k**2 - 49*k - 1. Give y(1).
7
Let o(i) = 3*i**3 - 143*i**2 + 82*i - 37. Determine o(47).
-601
Let f(s) = 11*s**3 + 69*s**2 - s + 25. Determine f(0).
25
Let i(q) = -406*q + 51968. Give i(128).
0
Let z(q) = q**2 - 1914*q + 20951. Give z(11).
18
Let l(g) = 397*g + 34454. Give l(-78).
3488
Let r(o) = 5*o**2 - 80*o + 796. Determine r(15).
721
Let f(w) = -319733*w - 1278947. Give f(-4).
-15
Let f(m) = m**2 - 181*m + 8197. Calculate f(92).
9
Let o(u) = -u**3 - 22*u**2 - 83*u - 36. Give o(-20).
824
Let x(s) = -9123*s - 145940. Give x(-16).
28
Let b(p) = p**3 - 68*p**2 + 2774*p - 56697. What is b(35)?
-32
Let n(y) = -7*y**2 - 225*y - 1795. Determine n(-19).
-47
Let y(a) = 2*a**3 + 829*a**2 - 428*a - 5432. Calculate y(-415).
-37
Let f(a) = a**2 - 3072*a - 52112. Determine f(-17).
401
Let z(x) = 30*x**2 - 2228*x - 156127. Determine z(-44).
-15
Let p(q) = -316*q - 30